actors of z.
2
Suppose 49 = -h + 2. Suppose -108 = -2*p + 6*p. Let u = p - h. List the prime factors of u.
2, 5
Let k(g) = 5*g**3 - 5*g**2 + 6*g - 1. Let v be k(3). Suppose -141 = -2*r + 3*b, -v - 39 = -2*r - 2*b. List the prime factors of r.
2, 3
Let m(v) = -8 + 25*v - v**3 - 11*v - 15*v**2 - 25*v - 15*v. What are the prime factors of m(-14)?
2, 5
Suppose 3*a + 18 = 108. List the prime factors of ((-24)/10)/((-3)/a).
2, 3
Let n = -14 - -17. Let i(z) = 4*z**2 + 7*z + 1. What are the prime factors of i(n)?
2, 29
Let m = -56 + 113. Suppose -d + 41 - 8 = -3*t, 0 = -3*d - 5*t + m. What are the prime factors of d?
2, 3
Suppose -3*y - w + 7 = -2, 0 = -5*y - 5*w + 15. Let x(n) = -2*n - 3*n**2 + 16*n**2 + 0*n**2 - y + n**3. What are the prime factors of x(-13)?
23
Let z(b) = -6*b + 21. Let a be z(-15). Suppose 2*g + 5*v + a = 31, 0 = 5*g - v + 200. Let r = g + 57. What are the prime factors of r?
17
Let i(s) = 16*s - 1 - 2*s**2 - 18 + s**2. Let v be i(15). Let l = v - -27. What are the prime factors of l?
23
Let d(h) = 9*h**2 + 67*h - 38. What are the prime factors of d(20)?
2, 3, 19, 43
Suppose 52*k = 47*k - 4*m + 30013, -5*m + 11995 = 2*k. List the prime factors of k.
5, 1201
Suppose 5*p + 0*o - 655 = -o, 0 = 2*p - 4*o - 284. Suppose p = 6*m - 3*m. List the prime factors of m.
2, 11
Suppose 0 = -5*m + j + 5430, j = 7*m - 5*m - 2172. What are the prime factors of m?
2, 3, 181
Let i be 8*6/120 + (-1826)/(-10). Suppose -3*w - 5*s = -123, -i = -0*w - 5*w - s. List the prime factors of w.
2, 3
Let i(v) = 2*v**2 + 3*v - 3. Let r(w) = -w**3 + w**2 + 8. Let j be r(0). What are the prime factors of i(j)?
149
Suppose 0 = 4*r - 8*r + 84. Let x = -16 + r. What are the prime factors of (0 - -2)/(x/20)?
2
What are the prime factors of (-15 - -14) + 1/1 + 605?
5, 11
Let b(q) = q**3 + 25*q**2 + 3*q + 27. List the prime factors of b(-23).
2, 127
Let z be 9/(-12) - 7/(-4). Let k(i) = 4*i**3 - i + 2. Let h be k(z). Suppose y - h*m = 54, 4*y + 5*m + 48 = 339. What are the prime factors of y?
3, 23
Suppose -3*f - 5*z + 5 = 0, -f + 5*f - 2 = -2*z. List the prime factors of 2/(-2 - f)*-151.
151
Suppose -a - 9 = 5. Let g = a - -81. List the prime factors of g.
67
Let c(v) = v**3 + 3*v - 1. Let t be c(1). Suppose -5*m + 4 = -3*m. List the prime factors of -29*-1*(t - m).
29
Let u be (1/1)/(4/12). Let i be (-2)/u*261/(-3). Let z = -31 + i. What are the prime factors of z?
3
Let y be (18/5)/((-6)/(-40)). Suppose y = 6*d - 0. Suppose -4*j + 4*i = -104, -i - 118 = -d*j - 17. What are the prime factors of j?
5
Suppose -7*w + 17*w - 20 = 0. What are the prime factors of (4 - (4 - w))*40?
2, 5
Let x = -12 + 7. Let g(y) = -y**3 + y**2 - y. Let i(b) = -6*b**3 + 8*b**2 - 5*b + 3. Let k(l) = x*g(l) + i(l). List the prime factors of k(3).
3
Let d be 15/3*(-4)/(-10). Suppose 5*a = 3*w - d*w + 15, 2*w = -3*a - 4. What are the prime factors of (a/3)/(22/627)?
19
Let c(t) = -t**3 - 4*t**2 + 3*t - 2. Let s be c(-5). Let i be 17/(-1)*(s - 11). Let l = 117 - i. What are the prime factors of l?
2, 3, 11
Let k(a) = 4*a + 6. Let q be k(3). List the prime factors of 66/q + (-3)/(-9).
2
Suppose 5*o - 18 - 22 = 0. Let x(m) = -1 - m**3 - o - 2*m**2 - m**2 - m**2 - 8*m. What are the prime factors of x(-4)?
23
Let x(o) = 5*o**2 + 49*o + 2 - o**3 - 53*o + 0*o**3. Let y be x(4). Suppose -4*q + y*p = -62, -q = -4*q + 3*p + 42. What are the prime factors of q?
17
Let s be ((-6)/8)/(5/(-100)). Suppose 4*n - s = -5*h + 2*h, 5*h = n + 25. Suppose -3*u - 5 + 50 = n. List the prime factors of u.
3, 5
Let k be 0 + 0 + 2 + 0. Suppose -5*o + 3*t = -k*o + 9, 5*o = 2*t. Suppose -26 = -0*b - o*b. List the prime factors of b.
13
Let a(g) = -g**3 + 9*g**2 - 8*g - 3. Let s be a(3). Suppose -i + s = -7. What are the prime factors of i?
2, 17
Let s = -17 + -26. List the prime factors of 3*(s/(-3) + -4).
31
Let q(h) = 6*h - 7*h - 2*h + 10. List the prime factors of q(-9).
37
Suppose 0 = -3*m + 37 + 35. Let c = -21 + m. Suppose 3*z - 8*z - a = -41, 5*z - 33 = -c*a. List the prime factors of z.
3
Suppose 0 = 6*l - 801 - 591. List the prime factors of l.
2, 29
Let m(y) be the third derivative of 11*y**4/24 + 19*y**3/6 - y**2. List the prime factors of m(7).
2, 3
Suppose -4*r = m + 44, 3*m + 2*r + 97 = -3*r. List the prime factors of (m/(-14))/(3*4/924).
2, 3, 11
Suppose m - j = -5 + 4, 2*j + 2 = 4*m. Let x be m - (-3 + 4 + -3). List the prime factors of 1 - (x - 3)*-41.
2, 3, 7
Let j(t) = 5*t**2 + t + 39. Let b(o) = o**2 + o - 1. Let n(c) = -2*b(c) + j(c). What are the prime factors of n(6)?
11, 13
Suppose -3 - 6 = 3*s. List the prime factors of 624/36 - 2/s.
2, 3
Let y(n) = -n + 6. Let r(f) = f**2 + 2*f - 1. Let s be r(-4). Let p be y(s). List the prime factors of -3 - (-23 - (2 + p)).
3, 7
Suppose -x + 0*x - 6 = 0. Let y = -4 - x. Suppose 4*r - y*r = 12. List the prime factors of r.
2, 3
Let z be 10/(-55) + (-1 - (-332)/11). Suppose -33*i = -z*i - 156. List the prime factors of i.
3, 13
What are the prime factors of ((-2)/5)/((-28)/2170)?
31
Let c(h) = -h**3 - 12*h**2 - 13*h - 15. Let p be c(-9). Let u = p + 264. What are the prime factors of u?
3, 41
Let a be 297 + (-3 - (-3 - 4)). Suppose 5*l - 94 - a = 0. List the prime factors of l.
79
Suppose 5*n + 5*n = 100. List the prime factors of 124/((n + 0)/5).
2, 31
Suppose 0 + 16 = 2*f. Let l = f + -28. Let b = 36 + l. List the prime factors of b.
2
Let a(n) = -n**3 - 21*n**2 - 3*n - 1. Suppose 3*m = 2*u + 36, 0 = -4*u - 2*m + m - 86. List the prime factors of a(u).
2, 31
Suppose 0 = 5*t + 2*s - 1601, -14*t + 12*t = 5*s - 653. What are the prime factors of t?
11, 29
Suppose 965*b = 971*b - 3180. What are the prime factors of b?
2, 5, 53
Suppose -2*j + 30 = -j. Let l be 5/(-2)*(-468)/j. Let p = l + -14. What are the prime factors of p?
5
Suppose 0*h = -3*o + h + 4842, o = 4*h + 1625. List the prime factors of o.
1613
List the prime factors of -7 + 11 - (-3 - (335 + 2)).
2, 43
Suppose 12*g - 16*g + 16 = 0. Suppose 18 + 174 = -g*j. List the prime factors of (-4)/(j/44 - -1).
2, 11
Suppose -3*p = 2*p + 325. Let j be (2 + 0 + -1)*-92. Let o = p - j. List the prime factors of o.
3
Let t(i) = i**3 + 19*i**2 + 67*i - 7. List the prime factors of t(-10).
223
Suppose -7*o - 5644 = -11*o - 4*s, -3*s + 1401 = o. List the prime factors of o.
2, 3, 59
Suppose 4*u + 5*l - 6575 = 0, 0*u - 8203 = -5*u - l. What are the prime factors of u?
2, 5, 41
Let v be 5*(-3)/(-60) - 7/(-4). Let q(s) = 78*s - 2. What are the prime factors of q(v)?
2, 7, 11
Let a be (-3)/18 - 100/(-24). Suppose a*z = -5*f + 12, 4*f + 12 = -2*z + 6*z. Suppose 2*y + 3*i = -2*i + 35, 45 = y - z*i. List the prime factors of y.
2, 3, 5
Let p(u) = -u**3 + 10*u**2 + 17*u - 7. Let d(r) = -r + 21. Let s be d(10). List the prime factors of p(s).
59
Suppose -14*c = -9*c - 5225. What are the prime factors of c?
5, 11, 19
Suppose 0*f - f = -z + 2502, -12470 = -5*z - 5*f. List the prime factors of z.
2, 1249
Suppose 0 = -3*k - 0*w - 2*w + 27, 0 = -5*k - 2*w + 41. List the prime factors of ((1 + -2)*k)/((-2)/92).
2, 7, 23
Suppose -2484 = -4*b + 3*x, 5*x + 1366 = -4*b + 3882. List the prime factors of b.
2, 3, 13
Let k = 10 + -6. Suppose -5*m - k*h + 19 = 0, -4*m - 2*h + 5 = -9. Suppose 5 = j - 2*j + 5*w, 0 = -2*j - m*w + 42. List the prime factors of j.
3, 5
Suppose -3*l = -d - 12 - 6, 2*d = -6. Suppose 4*t = -2*f + 48, -t + 2*f = -l - 7. What are the prime factors of t?
2, 3
Let k = 313 - 221. Suppose -a + k - 85 = 0. List the prime factors of a.
7
Let a(q) = -q**2 + q. Let n(g) = -4*g**2 + 6*g - 9. Let y(m) = 3*a(m) - n(m). Let j be (-2 + -5)*(-4 + 3). What are the prime factors of y(j)?
37
Suppose -120 = -2*j + 8*j. Let n(i) = -6*i + 74. List the prime factors of n(j).
2, 97
Suppose 0 = -9*m - 1890 - 729. Let a = m - -424. What are the prime factors of a?
7, 19
Let s(r) = 563*r**2 - 3. What are the prime factors of s(-2)?
13, 173
Suppose -2877 = -12*k + 9603. List the prime factors of k.
2, 5, 13
Suppose 6416 + 5155 = 21*m. What are the prime factors of m?
19, 29
Let q = -5 - -8. Let x(y) = -y**3 + 4*y**2 - 2*y + 12. Let o(n) = -n**3 + 5*n**2 - 3*n + 11. Let c(d) = q*x(d) - 4*o(d). List the prime factors of c(8).
2, 5
List the prime factors of 6*(-6 - (-1124)/8).
3, 269
Let v = 1687 - 830. List the prime factors of v.
857
List th